)/(-4) composite?
False
Suppose -5*q + 2*q - 4014 = 0. Is (-26)/(-39)*q/(-4) composite?
False
Suppose 0 = 9*u - u - 2392. Is u a prime number?
False
Let a = -770 - -509. Let b = 610 - a. Is b a prime number?
False
Let j = 4161 - 7721. Let y = j + 10931. Is y/35 - (-4)/10 composite?
False
Let s = -272 - -1983. Is s a composite number?
True
Is 7 - 8*-12*71 composite?
False
Suppose -3*c = -2*c - 4*j - 37643, -2*c + 75286 = -2*j. Is c prime?
True
Let v(m) = 16*m + 105. Is v(23) a prime number?
False
Is ((-159)/(-12))/(8/32) composite?
False
Let n = -96702 - -195803. Is n a prime number?
False
Suppose 33*c - 238994 + 25880 = 0. Is c prime?
False
Let v(a) = -a**3 - a**2 - a - 2. Suppose -t = u + 2, 2*u - t + 2 = -2. Let c be v(u). Suppose 0 = 3*k + 12, 2*d + c*k = d - 5. Is d prime?
True
Suppose -2*r + 88 = -13*r. Is (-762)/r*2*10/15 a composite number?
False
Let k = 13048 - 4799. Suppose 11*q = 50566 - k. Is q a prime number?
True
Suppose 0 = 3*d - 2*b - 273611, -b + 87156 + 186470 = 3*d. Is d a prime number?
False
Let d(r) = r**3 - 8*r**2 + r - 5 + 17*r - 3*r. Let q(c) = -c**3 - 19*c**2 + 2*c + 47. Let g be q(-19). Is d(g) prime?
True
Let m(n) = -62*n**3 + n**2 - n - 3. Let o be m(-2). Suppose 260 + 242 = -3*z - 2*h, 5*z + 844 = 4*h. Let l = o - z. Is l composite?
True
Suppose 5*f + 4*w - 7959 = 0, -5*f + 3668 + 4283 = -4*w. Is f prime?
False
Suppose 4*p - 10392 = 4*j, 5*p - 10*p + 12966 = j. Is p composite?
True
Let i = -5 - -11. Suppose -4*y - 48 = 4*s - 2*s, 2*s = -y - i. Is y/(-49) - 621/(-7) a composite number?
False
Let y(g) = 581*g + 9. Suppose -5*p + 16 + 4 = 0. Is y(p) composite?
False
Suppose 0 = -c - 2 + 8. Let k(o) = -2 + c*o**2 + 7 + 0 - 7*o. Is k(-6) a prime number?
True
Let v(a) = 6*a**2 + 15*a + 9. Let c be v(-7). Suppose -c = -l + z, 5*l + 3*z = 2*l + 600. Is l composite?
False
Suppose 0 = 29*p - 32*p + 45759. Is p composite?
True
Suppose -31*h + 197660 = -192599. Is h composite?
False
Let k = -91 - -175. Is (1942/6)/(5 + k/(-18)) a composite number?
False
Suppose -3*k + 11*l + 39883 = 16*l, -3*k + 39863 = -5*l. Is k composite?
False
Suppose -75*s = -10*s - 2624765. Is s prime?
False
Is -6*((-1686)/18)/1 a prime number?
False
Let d = 75 + 148. Suppose -d = -5*f + 222. Is f a composite number?
False
Suppose t + 136 = -5*s, s + 30 = -3*t - 0. Let r = s + 37. Is r a prime number?
False
Is 26646/(-8)*(-88)/6 a composite number?
True
Suppose -n - 20014 = -3*r, -n + 26667 = 4*r - 6*n. Is r composite?
False
Suppose 4*g - 18 = -5*t, 3*g + 4*t - 18 = -2*g. Suppose -7 = -g*o + 3. Suppose 3*b = -o*v + 113, 0*b + v = b - 27. Is b a composite number?
False
Let v = 5454 - 3251. Is v a composite number?
False
Suppose n = -44 + 5553. Is n a prime number?
False
Let a be (-20)/16*-4 + 14. Let o(f) = 7*f**2 - f - 41. Is o(a) a composite number?
False
Let y = 44164 - 29043. Is y composite?
False
Is (-5)/((-30)/6)*2939 prime?
True
Let j(z) = 17*z**3 - 28*z**2 + 17*z - 11. Let q(f) = -3*f + 3*f - 3 + 4*f - 7*f**2 + 4*f**3. Let w(g) = -2*j(g) + 9*q(g). Is w(6) composite?
True
Let g be (-136)/(2 - (-8)/(-3)). Suppose 3*o = -o + g. Is o composite?
True
Let n(b) = 9*b**3 - 7*b**2 + 4*b + 5. Let o be n(4). Is 4/(-12)*-6 + o composite?
False
Let n = -430 + 771. Suppose -5*d - n + 1876 = 0. Is d composite?
False
Suppose 4*o - 5*d = 13, 2*d + 0 = -2. Let i be (o/1)/(-2) + 3. Suppose 7*s - i*s = 175. Is s prime?
False
Suppose -l - 2*k = -537, 1581 = 3*l - 5*k + k. Suppose 4*w = 3*d - l, 4*d = 5*d + w - 177. Is d a prime number?
False
Is (8 - -4) + -1 + 1610 a composite number?
False
Suppose 3*s - y - 7 = -0*s, -4*s = y. Let i(x) = x**3 + x. Let a be i(s). Suppose -r = a*d - 123, -5*d = -d + r - 241. Is d prime?
True
Let u be (0/(-5))/(3 + -1). Is (-44)/12*-3 + u/(-2) a composite number?
False
Let i be ((-16)/(-6))/((-6)/(-3357)). Suppose 3*v - 7*v + i = 0. Let q = v + 76. Is q composite?
False
Let x = -318 - -6577. Is x composite?
True
Let i(l) = 2*l - 7. Let v be i(11). Let w = v + -13. Suppose -k - 3*a = -201, w*a = 3*k - a - 603. Is k a prime number?
False
Let b be ((-2)/(-4))/(1/(-260)). Let c = 225 + b. Suppose -c = 2*m - 413. Is m composite?
True
Suppose 10*r - 31 = 19. Suppose -r*t = 3*d - 3250, 0 = 2*t - 2*d - 300 - 984. Is t prime?
True
Let q(v) = 25*v**3 + 8*v**2 - 86*v - 17. Is q(8) composite?
True
Suppose -3*o = -4*m - 166, 4*m = -5*o - 224 + 74. Suppose 981 = -g + 4*g. Let x = m + g. Is x a prime number?
False
Let c be (2 + -68)*(-7 + 2). Suppose a - 3079 = c. Is a a prime number?
False
Suppose -5*p + 14 = -11. Suppose -m = p*s - 35 + 10, 3*s - 15 = -m. Suppose s*r - 581 = 204. Is r a prime number?
True
Let k = 1712 - 873. Is k composite?
False
Let o = -876 - -523. Let t = o + 646. Suppose -3*a + t = -2*a. Is a a prime number?
True
Let j = 25 - 22. Suppose -j*n - 2 = -44. Suppose -3*f + 5*f - n = 0. Is f composite?
False
Let b(m) = 8*m + 4. Let g be b(13). Is (g/(-6))/(-6) - -818 a composite number?
False
Suppose -3*z - 3*y = -z - 87, -3*y = -3. Let g = 72 - z. Suppose k = 207 - g. Is k a composite number?
True
Let b = 1200 + -833. Let x = b + -240. Is x a prime number?
True
Suppose 0 = 5*b + 20, 0*f = 4*f + 5*b + 1324. Is f/4*(-11)/(33/6) a composite number?
False
Let j(r) = 2746*r + 135. Is j(16) a composite number?
False
Let q = -10 - -15. Is (q - 4)/((-4)/(-1748)) composite?
True
Let v(o) = o**3 + 10*o**2 - 21*o + 4. Is v(9) a composite number?
True
Let b(p) = -p**3 - 3*p**2 - 3*p - 6. Let r be b(-3). Let m = r + 46. Is m prime?
False
Let n = -53 - -81. Let h = 121 + n. Is h a prime number?
True
Suppose 10 + 4 = 7*q. Let i = q + 89. Is i a composite number?
True
Suppose 50376 = 34*h - 26*h. Is h a prime number?
False
Suppose 23820 + 13130 = 4*k + 2*g, 36955 = 4*k + 3*g. Is k prime?
False
Suppose -4*r + 8175 = 3*z + 2*z, 4*r + 20 = 0. Is z composite?
True
Suppose 4*g - 145 = -5*v, -2*g + 6 = 5*v - 79. Suppose g*h = 31*h - 769. Is h a composite number?
False
Let u = 2363 + 5363. Is u composite?
True
Let d(r) = 2*r**3 + r**2 + 2*r - 122. Let o be d(0). Let k = o + 265. Is k composite?
True
Let u = -583 + 1450. Is 4 + -2 + u/3 a prime number?
False
Suppose 0 = -5*f + 5*w + 10, -f = 5*w - 2*w - 14. Suppose -1 = f*m - 6. Is m/3 - 3190/(-33) composite?
False
Let d be (-1 + 41 + -2)/(-2). Let i = -16 - d. Suppose -i*m = -217 - 230. Is m composite?
False
Let d(b) = -52*b**2 - 7*b + 24. Let u be d(3). Is ((-73)/3)/(31/u) a composite number?
True
Suppose 1398545 = 46*l + 363591. Is l a prime number?
False
Suppose 244 + 217 = r - 2*c, -1419 = -3*r - 3*c. Is r a prime number?
False
Suppose 1834 = -3*v - 5762. Let k = -1445 - v. Is k composite?
False
Let z = 173 - 173. Is ((-37462)/(-22) - z) + (-140)/(-770) composite?
True
Let f be 9 + -7 - 3/(-1). Suppose 1 = -f*r + 16. Suppose 0 = -r*y + 308 + 226. Is y a prime number?
False
Suppose 2*p + 98 = 3*h - 3*p, -84 = -4*h - 5*p. Suppose h*f = 28*f - 1574. Is f composite?
False
Is 73 + 44337 + (-3)/(-2)*2 prime?
False
Is 192755*(-12)/(-60) - (-8)/1 a composite number?
True
Let z(s) = -s**2 - 18*s - 30. Let m be z(-20). Let g = 73 - m. Is g composite?
True
Suppose 626289 = 95*y - 2052806. Is y prime?
True
Let l be 11812/(-14) - (-6)/(-21). Let w = -247 - l. Suppose n + 52 = w. Is n a prime number?
False
Let j(b) = 2*b + 14. Let s be j(-6). Suppose s*k - 898 = -5*d + 881, 0 = -4*k + 4*d + 3544. Is (k + -2 - -3) + 1 a composite number?
True
Let i be 3/12 + 0 + 2109/12. Suppose -1594 = -2*o - i. Is o a composite number?
False
Suppose -m - 130 = -3*m. Let u = m - -77. Suppose -h = 4*d + 5 - 142, 0 = -h - 3*d + u. Is h a composite number?
False
Let z = -6 - -1. Let u(w) = -w**2 - 4*w + 5. Let k be u(z). Suppose k = -5*y + 209 - 34. Is y composite?
True
Let a(v) = -v - 1. Let u be a(-5). Let z(y) = -y**3 + 3*y**2 + 6*y - 6. Let j be z(4). Suppose -2*b + 3*x = -79, 0*b - j*b = u*x - 58. Is b a composite number?
True
Is 14/147 - (-970257)/63 prime?
True
Let i(u) = 4538*u - 37. Is i(4) a composite number?
True
Let a(q) = q**2 + 3*q - 1. Let d be a(2). Suppose 3*m - 414 = d*m. Let y = m + 178. Is y a prime number?
True
Let z(f) = -f**2 - 14*f + 13. Let k be ((-20)/(-30))/(1/(-18)). Is z(k) a composite number?
False
Let h = 63 + -60. Suppose y - 5866 = -h*y - 2*s, -2*s - 4389 = -3*y. Is y a prime number?
False
Suppose -